remainder when 182 is divided by 5?
2
What is the remainder when 59 is divided by 45?
14
What is the remainder when 2134 is divided by 6?
4
What is the remainder when 269 is divided by 67?
1
What is the remainder when 693 is divided by 164?
37
What is the remainder when 596 is divided by 26?
24
Calculate the remainder when 63 is divided by 5.
3
Calculate the remainder when 509 is divided by 134.
107
Calculate the remainder when 878 is divided by 124.
10
What is the remainder when 267 is divided by 55?
47
Calculate the remainder when 6183 is divided by 3087.
9
Calculate the remainder when 190 is divided by 39.
34
Calculate the remainder when 158 is divided by 91.
67
What is the remainder when 3502 is divided by 135?
127
What is the remainder when 133 is divided by 37?
22
Calculate the remainder when 564 is divided by 9.
6
What is the remainder when 393 is divided by 101?
90
Calculate the remainder when 182 is divided by 61.
60
What is the remainder when 324 is divided by 77?
16
Calculate the remainder when 214 is divided by 8.
6
What is the remainder when 181 is divided by 8?
5
What is the remainder when 1154 is divided by 57?
14
What is the remainder when 112 is divided by 34?
10
Calculate the remainder when 549 is divided by 29.
27
Calculate the remainder when 514 is divided by 29.
21
What is the remainder when 1113 is divided by 9?
6
Calculate the remainder when 1627 is divided by 45.
7
What is the remainder when 3447 is divided by 112?
87
What is the remainder when 11302 is divided by 72?
70
Calculate the remainder when 164 is divided by 62.
40
Calculate the remainder when 202 is divided by 24.
10
What is the remainder when 298 is divided by 13?
12
What is the remainder when 123 is divided by 38?
9
What is the remainder when 2149 is divided by 358?
1
Calculate the remainder when 1017 is divided by 10.
7
Calculate the remainder when 240 is divided by 118.
4
What is the remainder when 246 is divided by 132?
114
What is the remainder when 3917 is divided by 10?
7
Calculate the remainder when 3044 is divided by 66.
8
Calculate the remainder when 2628 is divided by 201.
15
What is the remainder when 143 is divided by 24?
23
Calculate the remainder when 986 is divided by 13.
11
Calculate the remainder when 5011 is divided by 157.
144
What is the remainder when 58 is divided by 19?
1
Calculate the remainder when 230 is divided by 59.
53
Calculate the remainder when 553 is divided by 23.
1
Calculate the remainder when 1534 is divided by 10.
4
Calculate the remainder when 126 is divided by 44.
38
Calculate the remainder when 1679 is divided by 152.
7
What is the remainder when 365 is divided by 141?
83
Calculate the remainder when 1109 is divided by 182.
17
Calculate the remainder when 721 is divided by 200.
121
Calculate the remainder when 553 is divided by 218.
117
Calculate the remainder when 381 is divided by 64.
61
Calculate the remainder when 829 is divided by 60.
49
What is the remainder when 167 is divided by 47?
26
Calculate the remainder when 3143 is divided by 22.
19
Calculate the remainder when 51 is divided by 28.
23
What is the remainder when 4790 is divided by 58?
34
Calculate the remainder when 82 is divided by 23.
13
What is the remainder when 942 is divided by 469?
4
Calculate the remainder when 3455 is divided by 48.
47
Calculate the remainder when 1704 is divided by 212.
8
What is the remainder when 108 is divided by 29?
21
Calculate the remainder when 2715 is divided by 16.
11
Calculate the remainder when 131 is divided by 27.
23
What is the remainder when 133 is divided by 18?
7
What is the remainder when 224 is divided by 35?
14
Calculate the remainder when 102 is divided by 34.
0
What is the remainder when 43 is divided by 30?
13
What is the remainder when 248 is divided by 78?
14
Calculate the remainder when 3238 is divided by 9.
7
What is the remainder when 187 is divided by 21?
19
What is the remainder when 426 is divided by 96?
42
What is the remainder when 365 is divided by 277?
88
What is the remainder when 462 is divided by 226?
10
Calculate the remainder when 238 is divided by 72.
22
What is the remainder when 92 is divided by 89?
3
What is the remainder when 71 is divided by 25?
21
Calculate the remainder when 189 is divided by 58.
15
What is the remainder when 503 is divided by 23?
20
What is the remainder when 3483 is divided by 1161?
0
Calculate the remainder when 1302 is divided by 223.
187
What is the remainder when 143 is divided by 42?
17
Calculate the remainder when 196 is divided by 74.
48
What is the remainder when 3947 is divided by 9?
5
Calculate the remainder when 112 is divided by 38.
36
What is the remainder when 1974 is divided by 79?
78
What is the remainder when 149 is divided by 37?
1
What is the remainder when 2193 is divided by 68?
17
What is the remainder when 62 is divided by 14?
6
What is the remainder when 421 is divided by 57?
22
Calculate the remainder when 106 is divided by 10.
6
Calculate the remainder when 321 is divided by 21.
6
Calculate the remainder when 180 is divided by 23.
19
What is the remainder when 1042 is divided by 55?
52
Calculate the remainder when 43 is divided by 14.
1
What is the remainder when 4281 is divided by 63?
60
What is the remainder when 5518 is divided by 48?
46
What is the remainder when 807 is divided by 10?
7
Calculate the remainder when 106 is divided by 14.
8
What is the remainder when 1601 is divided by 43?
10
Calculate the remainder when 1598 is divided by 33.
14
What is the remainder when 261 is divided by 133?
128
Calculate the remainder when 319 is divided by 23.
20
What is the remainder when 4109 is divided by 25?
9
Calculate the remainder when 57 is divided by 39.
18
What is the remainder when 3518 is divided by 20?
18
Calculate the remainder when 1783 is divided by 119.
117
Calculate the remainder when 1197 is divided by 365.
102
Calculate the remainder when 296 is divided by 46.
20
What is the remainder when 4194 is divided by 50?
44
Calculate the remainder when 91 is divided by 32.
27
What is the remainder when 371 is divided by 62?
61
Calculate the remainder when 1911 is divided by 77.
63
Calculate the remainder when 12325 is divided by 23.
20
What is the remainder when 578 is divided by 84?
74
Calculate the remainder when 551 is divided by 49.
12
What is the remainder when 1545 is divided by 59?
11
Calculate the remainder when 431 is divided by 29.
25
Calculate the remainder when 192 is divided by 183.
9
What is the remainder when 770 is divided by 73?
40
Calculate the remainder when 8253 is divided by 16.
13
Calculate the remainder when 920 is divided by 186.
176
What is the remainder when 9344 is divided by 105?
104
What is the remainder when 5845 is divided by 162?
13
Calculate the remainder when 63 is divided by 56.
7
What is the remainder when 411 is divided by 121?
48
What is the remainder when 161 is divided by 27?
26
Calculate the remainder when 80 is divided by 28.
24
Calculate the remainder when 893 is divided by 23.
19
Calculate the remainder when 41 is divided by 4.
1
Calculate the remainder when 52 is divided by 22.
8
Calculate the remainder when 141 is divided by 29.
25
What is the remainder when 2857 is divided by 71?
17
Calculate the remainder when 19715 is divided by 159.
158
Calculate the remainder when 2020 is divided by 43.
42
What is the remainder when 620 is divided by 105?
95
What is the remainder when 203 is divided by 2?
1
What is the remainder when 2846 is divided by 86?
8
What is the remainder when 52 is divided by 40?
12
What is the remainder when 177 is divided by 67?
43
What is the remainder when 450 is divided by 9?
0
Calculate the remainder when 144 is divided by 44.
12
What is the remainder when 1378 is divided by 92?
90
What is the remainder when 192 is divided by 1?
0
What is the remainder when 164 is divided by 21?
17
What is the remainder when 1309 is divided by 260?
9
What is the remainder when 340 is divided by 184?
156
What is the remainder when 97 is divided by 59?
38
Calculate the remainder when 744 is divided by 34.
30
Calculate the remainder when 1130 is divided by 138.
26
Calculate the remainder when 919 is divided by 27.
1
Calculate the remainder when 434 is divided by 137.
23
What is the rema